{"id":32,"date":"2019-09-29T18:10:36","date_gmt":"2019-09-29T16:10:36","guid":{"rendered":"http:\/\/webredox.net\/demo\/wp\/annie\/dark\/?page_id=32"},"modified":"2021-03-11T10:56:52","modified_gmt":"2021-03-11T09:56:52","slug":"bio","status":"publish","type":"page","link":"https:\/\/www.dominic-c.fr\/index.php\/bio\/","title":{"rendered":"Bio"},"content":{"rendered":"[vc_row enabletitle=&#8221;st1&#8243; title_text_align=&#8221;st2&#8243; padding_top=&#8221;0&#8243;][vc_column]<div class=\"profile-index animate-box  text-justify\" data-animate-effect=\"fadeInUp\"><div class=\"annie-about-me\">\n<h6 style=\"font-size: 16px;\"><span style=\"color: #808080;\">Born in the North of France, Dominic C develops a consuming passion for photography at the early age of 17. After obtaining a Bachelor of Science degree, he works as a trainee in different studios located in the Lille region. Then, freshly graduated from one of the most reputed schools in Brussels, where he\u2019s acquired a solid education, Dominic takes the opportunity to quench his thirst for photographic adventure.<\/span><\/h6>\n<h6><span style=\"color: #808080;\">In his debut photo-reportage in 1992, Dominic C immortalizes the ancestral rituals of Papua, impressing the famous international press agency Gamma, who publishes these images throughout the world. Leaving his brilliant career in Europe, Dominic pursues his passion for this fascinating Indonesian archipelago and works on a number of projects that take him to some of the most remote islands.<\/span><\/h6>\n<h6><span style=\"color: #808080;\">In 2005, Dominic begins work on a series of photographic books that set out to capture the unique beauty and sensuality of the women of Southeast Asia. This work in progress shows how he virtually captures the instant when his models forget they are posing for a photograph and their true self appears. He is looking for the essence of their femininity. Dominic portrays this moment of truth, unique in each woman, by a gesture, an expression, an emotion\u2026 Through these gestures, he captures the very instant when intense beauty reveals itself.<\/span><\/h6>\n<h6><span style=\"color: #808080;\">In 2010, Dominic became friend with Peter Godwin, musician &amp; songwriter. They decided that the first music video of Peter\u2019s band, Nuevo, would be produced &amp; directed by Dominic. Made in Java in 2010, the film reflects the sensuality and playfulness of the song, through Dominic\u2019s meditation on beauty and chocolate.<\/span><\/h6>\n<h6><span style=\"color: #808080;\">In 2012, Dominic meets Jonathan Politur, a young Parisian TV producer. Attracted by the fineness and the sensuality of Dominic\u2019s photos, he accepts to co-produce a series of programs, which hopefully will be broadcast on the French channels (and international) soon.<\/span><\/h6>\n<h6><span style=\"color: #808080;\">In 2014, Dominic took an opportunity to set his very first Parisian exhibition: <em><a style=\"color: #808080;\" href=\"http:\/\/ellesetiles.fr\/\">Elles &amp; \u00celes \u2013 Indolence des Sens<\/a>.<\/em><\/span><\/h6>\n<h6><span style=\"color: #808080;\">In 2016, Dominic was invited to exhibit his work at the famous International Photo Fair in Paris (Salon de la Photo).<\/span><\/h6>\n<h6><span style=\"color: #808080;\">In 2018, Dominic was offered the opportunity to exhibit 100&#215;150 cm versions of his photos at Aletheia gallery in Ubud (Bali \u2013 Indonesia).<\/span><\/h6>\n<p>&nbsp;<\/p>\n<h6><span style=\"color: #333333;\"><em><img loading=\"lazy\" class=\"aligncenter wp-image-642 size-full\" src=\"http:\/\/www.dominic-c.fr\/wp-content\/uploads\/2020\/12\/Photo-Bio.jpg\" alt=\"\" width=\"1134\" height=\"283\" srcset=\"https:\/\/www.dominic-c.fr\/wp-content\/uploads\/2020\/12\/Photo-Bio.jpg 1134w, https:\/\/www.dominic-c.fr\/wp-content\/uploads\/2020\/12\/Photo-Bio-300x75.jpg 300w, https:\/\/www.dominic-c.fr\/wp-content\/uploads\/2020\/12\/Photo-Bio-1024x256.jpg 1024w, https:\/\/www.dominic-c.fr\/wp-content\/uploads\/2020\/12\/Photo-Bio-768x192.jpg 768w\" sizes=\"(max-width: 1134px) 100vw, 1134px\" \/><\/em><\/span><\/h6>\n<h6><\/h6>\n<p>&nbsp;<\/p>\n<h6><span style=\"color: #808080;\"><em>Originaire du Nord de la France, Dominic C se prend de passion pour la photographie d\u00e8s l\u2019\u00e2ge de 17 ans. Apr\u00e8s un baccalaur\u00e9at scientifique, il effectue d\u2019abord quelques stages dans diff\u00e9rents studios de photographie de la r\u00e9gion lilloise. Puis, fra\u00eechement dipl\u00f4m\u00e9 d\u2019une des \u00e9coles bruxelloises les plus r\u00e9put\u00e9es, o\u00f9 il y acquiert une solide formation, Dominic en profite pour \u00e9tancher sa soif d\u2019aventures photographiques.<\/em><\/span><\/h6>\n<h6><span style=\"color: #808080;\"><em>Son tout premier reportage photo, en 1992, est ainsi r\u00e9alis\u00e9 en Nouvelle-Guin\u00e9e occidentale (Indon\u00e9sie), afin d\u2019immortaliser les rites ancestraux de quelques tribus papoues des hauts plateaux d\u2019Irian Jaya. Ces prises de vues sont alors rep\u00e9r\u00e9es par la c\u00e9l\u00e8bre agence de presse Gamma, qui d\u00e9cide de les diffuser dans le monde entier. Malgr\u00e9 son potentiel pour une brillante carri\u00e8re en Europe, Dominic d\u00e9cide de se concentrer sur cette fabuleuse r\u00e9gion qu\u2019est l\u2019Asie du sud-est et travaille depuis lors sur plusieurs projets qui l\u2019am\u00e8nent \u00e0 explorer la r\u00e9gion in extenso. Il s\u2019y installe d\u00e9finitivement en 1996 et cr\u00e9e, en parall\u00e8le, une agence de voyages d\u2019aventures.<\/em><\/span><\/h6>\n<h6><span style=\"color: #808080;\"><em>En 2005, Dominic s\u2019engage dans un ambitieux projet qui a pour but de rendre hommage \u00e0 la sensualit\u00e9 des femmes, charmeuses et p\u00e9tillantes, de son pays d\u2019adoption. Il capte alors, avec virtuosit\u00e9, l\u2019instant o\u00f9 celles-ci oublient qu\u2019elles posent pour le photographe, provoquant l\u2019\u00e9tincelle qui met \u00e0 nu leur personnalit\u00e9. C\u2019est l\u2019essence vraie de leur sensualit\u00e9 qui l\u2019int\u00e9resse. Dominic s\u2019attache alors \u00e0 d\u00e9crire cette v\u00e9rit\u00e9, unique \u00e0 chacune de ses mod\u00e8les, par un geste, un regard, une \u00e9mo tion\u2026 Dans ces \u00ab mouvements \u00bb, il saisit l\u2019instant o\u00f9 la beaut\u00e9, intense, se r\u00e9v\u00e8le.<\/em><\/span><\/h6>\n<h6><span style=\"color: #808080;\"><em>En 2010, Dominic rencontre Peter Godwin, un musicien &amp; auteur (c\u00e9l\u00e8bre dans les ann\u00e9es \u201880s avec des tubes tels \u00ab Images of Heaven \u00bb ou \u00ab Baby\u2019s in the Mountains \u00bb). Une amiti\u00e9 sinc\u00e8re se noue rapidement entre les deux hommes et il est alors naturellement d\u00e9cid\u00e9 que Dominic produise &amp; r\u00e9alise le tout premier clip vid\u00e9o de son nouveau groupe, Nuevo. R\u00e9alis\u00e9 \u00e0 Java en juin 2010, le clip tire profit du travail de Dominic sur la beaut\u00e9 des Indon\u00e9siennes et met en exergue la \u00ab chaleur \u00bb des compositions et de la voix du chanteur.<\/em><\/span><\/h6>\n<h6><span style=\"color: #808080;\"><em>En 2012, Dominic rencontre Jonathan Politur, un jeune producteur parisien d\u2019\u00e9missions de t\u00e9l\u00e9vision. Attir\u00e9 par la finesse et la sensualit\u00e9 des photos de Dominic, celui-ci accepte de coproduire une s\u00e9rie d\u2019\u00e9missions, dont le tournage a lieu en novembre 2013.<\/em><\/span><\/h6>\n<h6><span style=\"color: #808080;\"><em>En 2014, Dominic saisit l\u2019opportunit\u00e9 d\u2019exposer son travail pour la premi\u00e8re fois \u00e0 Paris : <a style=\"color: #808080;\" href=\"http:\/\/ellesetiles.fr\/\">Elles &amp; \u00celes \u2013 Indolence des Sens<\/a>.<\/em><\/span><\/h6>\n<h6><span style=\"color: #808080;\"><em>En 2016, il fut invit\u00e9 \u00e0 pr\u00e9senter une quinzaine de photographies au fameux salon international de la Photo \u00e0 Paris.<\/em><\/span><\/h6>\n<h6><span style=\"color: #808080;\"><em>En 2018, la galerie Aletheia (Ubud, Bali) offre \u00e0 Dominic C la possibilit\u00e9 d\u2019exposer des agrandissements g\u00e9ants (100&#215;150 cm) d\u2019une trentaine de photographies pendant une dur\u00e9e d\u2019un mois.<\/em><\/span><\/h6>\n<\/div><img src=\"https:\/\/www.dominic-c.fr\/wp-content\/uploads\/2020\/06\/Signature-1.png\" class=\"annie-about-signature\" alt=\"\"><\/div>[\/vc_column][\/vc_row][vc_row][vc_column css=&#8221;.vc_custom_1615456599216{background-color: #ffffff !important;}&#8221;][vc_video link=&#8221;https:\/\/vimeo.com\/133970407&#8243; align=&#8221;center&#8221;][\/vc_column][\/vc_row][vc_row][vc_column css=&#8221;.vc_custom_1615456611284{background-color: #ffffff !important;}&#8221;][vc_video link=&#8221;https:\/\/vimeo.com\/284557345&#8243; align=&#8221;center&#8221;][\/vc_column][\/vc_row]\n","protected":false},"excerpt":{"rendered":"<p>[vc_row enabletitle=&#8221;st1&#8243; title_text_align=&#8221;st2&#8243; padding_top=&#8221;0&#8243;][vc_column][\/vc_column][\/vc_row][vc_row][vc_column css=&#8221;.vc_custom_1615456599216{background-color: #ffffff !important;}&#8221;][vc_video link=&#8221;https:\/\/vimeo.com\/133970407&#8243; align=&#8221;center&#8221;][\/vc_column][\/vc_row][vc_row][vc_column css=&#8221;.vc_custom_1615456611284{background-color: #ffffff !important;}&#8221;][vc_video link=&#8221;https:\/\/vimeo.com\/284557345&#8243; align=&#8221;center&#8221;][\/vc_column][\/vc_row]<\/p>\n","protected":false},"author":1,"featured_media":0,"parent":0,"menu_order":0,"comment_status":"closed","ping_status":"closed","template":"","meta":[],"yoast_head":"<!-- This site is optimized with the Yoast SEO plugin v16.0.2 - https:\/\/yoast.com\/wordpress\/plugins\/seo\/ -->\n<title>Bio -<\/title>\n<link rel=\"canonical\" href=\"https:\/\/www.dominic-c.fr\/index.php\/bio\/\" \/>\n<meta property=\"og:locale\" content=\"en_US\" \/>\n<meta property=\"og:type\" content=\"article\" \/>\n<meta property=\"og:title\" content=\"Bio -\" \/>\n<meta property=\"og:description\" content=\"[vc_row enabletitle=&#8221;st1&#8243; title_text_align=&#8221;st2&#8243; padding_top=&#8221;0&#8243;][vc_column][\/vc_column][\/vc_row][vc_row][vc_column css=&#8221;.vc_custom_1615456599216{background-color: #ffffff !important;}&#8221;][vc_video link=&#8221;https:\/\/vimeo.com\/133970407&#8243; align=&#8221;center&#8221;][\/vc_column][\/vc_row][vc_row][vc_column css=&#8221;.vc_custom_1615456611284{background-color: #ffffff !important;}&#8221;][vc_video link=&#8221;https:\/\/vimeo.com\/284557345&#8243; align=&#8221;center&#8221;][\/vc_column][\/vc_row]\" \/>\n<meta property=\"og:url\" content=\"https:\/\/www.dominic-c.fr\/index.php\/bio\/\" \/>\n<meta property=\"article:modified_time\" content=\"2021-03-11T09:56:52+00:00\" \/>\n<meta property=\"og:image\" content=\"http:\/\/www.dominic-c.fr\/wp-content\/uploads\/2020\/12\/Photo-Bio.jpg\" \/>\n<meta name=\"twitter:card\" content=\"summary_large_image\" \/>\n<meta name=\"twitter:label1\" content=\"Est. reading time\">\n\t<meta name=\"twitter:data1\" content=\"5 minutes\">\n<script type=\"application\/ld+json\" class=\"yoast-schema-graph\">{\"@context\":\"https:\/\/schema.org\",\"@graph\":[{\"@type\":\"WebSite\",\"@id\":\"https:\/\/www.dominic-c.fr\/#website\",\"url\":\"https:\/\/www.dominic-c.fr\/\",\"name\":\"\",\"description\":\"Fine Art Photography\",\"potentialAction\":[{\"@type\":\"SearchAction\",\"target\":\"https:\/\/www.dominic-c.fr\/?s={search_term_string}\",\"query-input\":\"required name=search_term_string\"}],\"inLanguage\":\"en-US\"},{\"@type\":\"ImageObject\",\"@id\":\"https:\/\/www.dominic-c.fr\/index.php\/bio\/#primaryimage\",\"inLanguage\":\"en-US\",\"url\":\"http:\/\/www.dominic-c.fr\/wp-content\/uploads\/2020\/12\/Photo-Bio.jpg\"},{\"@type\":\"WebPage\",\"@id\":\"https:\/\/www.dominic-c.fr\/index.php\/bio\/#webpage\",\"url\":\"https:\/\/www.dominic-c.fr\/index.php\/bio\/\",\"name\":\"Bio -\",\"isPartOf\":{\"@id\":\"https:\/\/www.dominic-c.fr\/#website\"},\"primaryImageOfPage\":{\"@id\":\"https:\/\/www.dominic-c.fr\/index.php\/bio\/#primaryimage\"},\"datePublished\":\"2019-09-29T16:10:36+00:00\",\"dateModified\":\"2021-03-11T09:56:52+00:00\",\"breadcrumb\":{\"@id\":\"https:\/\/www.dominic-c.fr\/index.php\/bio\/#breadcrumb\"},\"inLanguage\":\"en-US\",\"potentialAction\":[{\"@type\":\"ReadAction\",\"target\":[\"https:\/\/www.dominic-c.fr\/index.php\/bio\/\"]}]},{\"@type\":\"BreadcrumbList\",\"@id\":\"https:\/\/www.dominic-c.fr\/index.php\/bio\/#breadcrumb\",\"itemListElement\":[{\"@type\":\"ListItem\",\"position\":1,\"item\":{\"@type\":\"WebPage\",\"@id\":\"https:\/\/www.dominic-c.fr\/\",\"url\":\"https:\/\/www.dominic-c.fr\/\",\"name\":\"Home\"}},{\"@type\":\"ListItem\",\"position\":2,\"item\":{\"@type\":\"WebPage\",\"@id\":\"https:\/\/www.dominic-c.fr\/index.php\/bio\/\",\"url\":\"https:\/\/www.dominic-c.fr\/index.php\/bio\/\",\"name\":\"Bio\"}}]}]}<\/script>\n<!-- \/ Yoast SEO plugin. -->","_links":{"self":[{"href":"https:\/\/www.dominic-c.fr\/index.php\/wp-json\/wp\/v2\/pages\/32"}],"collection":[{"href":"https:\/\/www.dominic-c.fr\/index.php\/wp-json\/wp\/v2\/pages"}],"about":[{"href":"https:\/\/www.dominic-c.fr\/index.php\/wp-json\/wp\/v2\/types\/page"}],"author":[{"embeddable":true,"href":"https:\/\/www.dominic-c.fr\/index.php\/wp-json\/wp\/v2\/users\/1"}],"replies":[{"embeddable":true,"href":"https:\/\/www.dominic-c.fr\/index.php\/wp-json\/wp\/v2\/comments?post=32"}],"version-history":[{"count":37,"href":"https:\/\/www.dominic-c.fr\/index.php\/wp-json\/wp\/v2\/pages\/32\/revisions"}],"predecessor-version":[{"id":1234,"href":"https:\/\/www.dominic-c.fr\/index.php\/wp-json\/wp\/v2\/pages\/32\/revisions\/1234"}],"wp:attachment":[{"href":"https:\/\/www.dominic-c.fr\/index.php\/wp-json\/wp\/v2\/media?parent=32"}],"curies":[{"name":"wp","href":"https:\/\/api.w.org\/{rel}","templated":true}]}}